Calculate -30 - -10 - (51 - 104).
33
Calculate 2 - 72 - (103 - (80 + 51)).
-42
Evaluate (11 - -3) + 20 + (-338 - -337).
33
Evaluate -2013 - -2025 - (1 - -10).
1
Calculate -53 + -1 + (-12 + -8 - -4) + 24.
-46
Evaluate (9 - (-35 + 18)) + 17 - 20.
23
115 + -124 - (-1 + -37 + (1 - 0) - -2)
26
(-15 - 74 - -46) + 16 + 0
-27
What is -31 - (76 + (-196 - -93))?
-4
What is -62 - -122 - 58 - (1 - (1 - -46))?
48
What is the value of 10 - (4 - ((4 - -5 - 8 - 8) + -44))?
-45
What is the value of -106 - (-20 + -9 + -30)?
-47
What is the value of 15 + 0 - (218 + (21 - 60) + -21)?
-143
What is -2 - 41 - -1 - (0 - (2 - -8))?
-32
Evaluate -66 - (34 + -21 + (-18 - -9)).
-70
Evaluate 16 + (9 - (11 - 31)).
45
What is the value of 41 - (17 + (-14 + 8 - 21) - -16)?
35
What is the value of -2 + -80 + -19 + (-263 - -266) + 10 + 0?
-88
What is (-8 + (37 - 21) - 19) + (-2 - -35)?
22
-16 + -11 + 4 - (-71 + 7)
41
Evaluate (4 + -24 - -41) + -30.
-9
61 - ((95 - 195) + 157)
4
Calculate (19 - (8 + 30)) + (14 - -12) - (-51 - 0).
58
What is -6 + (68 - -1) + (-5 + 27 - 41 - -17)?
61
What is (-31 - 14) + (4 - 3 - (-3 + (6 - 10)))?
-37
(3 - 9 - (-41 + 47)) + 124 + -17
95
Calculate 9 + -1 + (-75 - -54).
-13
Evaluate (-7 - -9) + 8 - (-3 + 1 + 79 + -72).
5
Calculate (-81 - -119) + 128 - 70.
96
74 - (242 + -282 + -6 + -2)
122
Calculate -438 + 499 + (1 - (1 - -13)) + 5.
53
What is 3132 + -3088 + ((-2 - 1 - -3) + -3 - 3)?
38
What is the value of 17 + (-8 - -4) + -7 + -36 - 7?
-37
Evaluate (0 + -1 - 52) + (-917 - -925).
-45
1 + 34 - (49 - (65 - 8))
43
What is 1 - 4 - (20 + -44 - -44 - (4 + 20))?
1
What is the value of -13 + 7 + 13 + -10 - (19 - 0)?
-22
What is -6 + (11 - 6) - (-195 + 248)?
-54
Calculate 70 - ((-12 - -19) + 1 - (-6 + (2 - 0))).
58
Evaluate 0 + -83 - (-9764 + 9685).
-4
Evaluate 4 - -1 - (-23 - (27 - 27 - (-1 - 8))).
37
What is the value of (7 - (17 - 5 - 19)) + -13?
1
What is the value of -5 - -9 - ((40 - -9) + 7 + -8)?
-44
What is the value of -118 + 1 - (14443 + -14583)?
23
What is the value of 20 - (-20 + 34 + -17)?
23
Evaluate -30 - (-65 + (85 - 52)).
2
Calculate 13 - (51 + -21 + -25 - 6).
14
Evaluate (11 - (-22 + 9 - -12 - -12)) + 44.
44
5 + -11 + -73 - (-84 - -71)
-66
What is (5 - -5) + -8 - ((-8 - -2) + 6)?
2
Evaluate 0 + -2 + 74 + (-55 - 15) - (-43 - 7).
52
What is the value of -5 + 9 + 6 - (2 - (47 + 2)) - -7?
64
What is 29 + (-24 - (11 + -12)) - 24?
-18
What is 55 + 56 + -56 + 7?
62
Evaluate 43 - (-2 - 0) - (-36 + 194 - 149).
36
What is the value of 69 + 20 + -111 + 143 + 1?
122
What is 46 - (19 - (17 - (0 - 5)))?
49
Evaluate ((-33 - -31) + 58 - 30) + -126.
-100
What is the value of (0 - -1) + 11 + (-57 + -37 + 166 - -44)?
128
Evaluate 17 + -1 + 8 + (-37 - (45 - 82)).
24
Evaluate -5 - (21 - (-24 + 9 - 4 - -2)).
-43
What is the value of (-5 - -2) + 1 + 13 + -33 + 40?
18
What is 26 + (-52 - (-2 + -31) - -12)?
19
0 + -12 + 7 + 4 + 26
25
Calculate -44 + 4 + -4 + 40 + -19.
-23
What is the value of (-5 - (-9 + -1 + (-4 - -21))) + 4 + 4?
-4
-41 - (14 - 3 - (40 + -28) - 7)
-33
What is the value of (-13 - (1 + -11)) + 4 + 60 + 8?
69
What is -11 + (10 - 1 - -1) + -123 + 30?
-94
Calculate 22 - (27 + (20 - 19 - 21) - (-1 - -9)).
23
Calculate (-12 - (9 + (15 - 19 - 2))) + 43.
28
-19 + (-10 + 32 - -27)
30
What is -89 + 1 + 28 + -172 + 156 + (-1 - 2)?
-79
-1 + 3 + (37 - 7) - (51 + -59)
40
Calculate -3 - 53 - (-2 + 15 - (50 + -29)).
-48
What is -4 + (106 - (-20 - (-7 + 5 - 14) - -6))?
100
What is -39 - (-135 - -107 - 65)?
54
Evaluate 32 + (10 - 2) + -2 + -18 - 5.
15
What is 15 - 61 - -66 - 30?
-10
Evaluate (1 - -16) + 2356 + -2347.
26
Evaluate (147 - (265 + -72)) + (-1 - 1 - 1) + 2.
-47
Evaluate 137 + -107 - 124 - -100.
6
Calculate 79 + (-39 - (67 + -81)).
54
What is the value of 1 + 1 + -4 - (0 - (-102 + 91))?
-13
-25 + (2 - (-33 - -10) - 43)
-43
(605 - 525) + 4 + -32
52
171 + (-22 - (6 + 81))
62
What is 5 - ((-18 - -52 - -12) + -17) - -97?
73
What is 18 + -11 - -82 - (-4 - (10 + -9))?
94
31 + -61 - 40 - (-6 + -10 + (3 - 1))
-56
(-35 - 7 - -28) + 38
24
What is 28 - (6 + -44 + 13 + 8)?
45
Evaluate -31 + -28 + 71 - -1.
13
What is the value of -11 - (-66 + 61 + 43)?
-49
11 + (-59 - (-36 - -10))
-22
Calculate -8 + 24 + 220 + -244.
-8
(-23 - (-4 + 5)) + 78 + -65
-11
What is -14 + (-21 - (-143 - -76))?
32
Calculate -45 + (-17 - 0 - -21) + -5.
-46
104360 + -104370 - (0 + (0 - 1) + -52)
43
What is 7 - (56 + -33 - -7)?
-23
Calculate -1220 + 1327 + 4 + -42.
69
What is the value of 4 + 4 + (161 - 260 - (7 + -34))?
-64
What is the value of -18 - (6 - (35 + -13)) - 11?
-13
What is the value of -51 - ((7 + (6 - 22) - 1) + 1 + 5)?
-47
Calculate -2 + (30 - 1) - ((0 - -27) + (-488 - -471)).
17
Evaluate 70 + -51 - (-15 - -22).
12
-4 + 15 + 1 - (10 + 8) - 7
-13
-15 + -2 - 7 - (10 - 14 - -2)
-22
What is (2 - (-2 + 5)) + (-91 + 56 - -92)?
56
Calculate 75 - (-1 + 2) - ((-54 - (-190 + 67)) + -64).
69
Calculate -9 - (-8 + 94) - 7 - (0 + -11 - 1).
-90
Calculate -9 + (11 - (36 - 7) - 2).
-29
Evaluate (-40 - -83 - 69 - -49) + -74.
-51
What is (309 - 326 - (0 + 10)) + 94?
67
Calculate 124 + 1 - (-70 + 86 + (-10 - -1)).
118
(-10 - -18 - (66 - 3)) + -38 + 48
-45
Calculate 10 - (14 - -24 - (18 + (12 - 17))).
-15
Evaluate -75 + -35 + 248 + -66.
72
Evaluate -7 - -5 - (1 - (-6 + 0)) - (2 - 33).
22
1 + 7 + (7 - -78) + (-60 - -67)
100
Calculate (23 + -30 - -19) + -30 - 9.
-27
Evaluate -18 + -5 - (-180 - -143) - (3 + 0).
11
4 - -85 - (3 + 10)
76
(-23 - -25 - 25 - -25) + -47
-45
What is the value of -30 + 11 + -4 + 6 + (-9 - 7)?
-33
What is the value of -16 + (20 - 13) - -8 - (-7 - (5 + 94))?
105
13 + 74 - 46 - 39
2
13 + 1 + (64 - (64 + -11))
25
What is the value of (2 - 8) + ((13 - 9) + -3 - -36 - -3)?
34
What is the value of 47 + -72 + (-23 - -69)?
21
Evaluate (1 - 95) + 50 + 39.
-5
Evaluate -5 + (30 - 10 - 7) - (54 - 49).
3
68 + (-91 - -41) - 41
-23
What is -31 - ((-2 - -31) + (66 - 72))?
-54
What is the value of 43 + 15 + (-9 - -33 - 57)?
25
What is 101 + 0 + -5176 + 5197?
122
Evaluate 18 - (3 + (-16 - -19)) - 10.
2
Evaluate 12 - (-1 + 8 - (41 - (-10 - 35))).
91
Evaluate 87 + -118 + -54 + 57.
-28
What is -39 + (46 - 24 - -8)?
-9
What is the value of (-164 - -220) + 18 + -8 + 8 + -5?
69
What is the value of 2249 + -2269 - (4 - (-5 - -100) - 0)?
71
Calculate 1 + -13 + ((-4 - -2 - -11) + -23 - -102).
76
Evaluate 28 - (100 + -91) - 89.
-70
What is the value of (-14 + 12 - 22) + 25 + (1 - -76)?
78
Calculate (-195 - -207) + (-6 + 0 - 2 - -2 - -71).
77
Evaluate -12 + -14 + (-10 + -2 - (135 - 150)) + 1.
-22
Evaluate (3 - (-2 - 2)) + -16 - (-2 + -51).
44
(-65 - (0 + -40) - -37) + (-60 - 1)
-49
What is 40 - -1 - (-50 - ((-21 - -21) + -17) - -26)?
48
Calculate (66 - -1 - 3) + (-6 - (5 + -15) - 1).
67
What is 74 + 28 + -6 + (4 - (18 - 2))?
84
0 - 15 - (136 + (-22 - 130))
1
What is -89 - (-106 - 9) - (-2 + 42)?
-14
What is the value of -3 + -57 + (-125 - -55) + 75?
-55
Calculate (-1 - (7 + 0)) + (192 - -357 - 601).
-60
-90 - (1 - -22 - (62 + -33 + 17))
-67
Evaluate -50 - (-53 - 32) - 4.
31
-2576 - -2422 - (-77 - 0)
-77
83 - 39 - 24 - 14
6
What is 77 + (-60 - -69) + -49?
37
What is the value of (-2 - -3) + 0 + 31 - (41 + -128 - -92)?
27
Evaluate 71 + 3 + (818 - 909).
-17
Evaluate -4 + 51 + -23 - 24.
0
What is the value of 2 + (5 - (-1 - 0)) + (28 - 49)?
-13
Calculate 6 + -3 + -3 + -4 + 12 + (-2300 - -2396).
104
-16 + 6 + (-4 - -6) + (32 - 54)
-30
(-108 + 469 - 361) + (2 + -61 - (1 + -2))
-58
What is -154 + 117 - (-7 + -19)?
-11
20 + (-7 - (17 + 24 + -6))
-22
Calculate -3995 + 4014 + 89 + (-1 - 0) - 0.
107
Calculate -74 - -76 - (-12 + -7) - -17.
38
Evaluate (-78 + 68 + (13 - 1) - -10) + 31.
43
Evaluate 51 - 56 - -9 - 23.
-19
Evaluate (2 - 6) + 99 + -107 + 27 - (-7 - -6).
16
What is 10 + -29 + 40 + (-4 - -6)?
23
Evaluate 19 - (-1 + 23 - (241 + -251)).
-13
Evaluate -89 + 129 - 33 - 83.
-76
What is the value of 62 + 2 + -2 + (-27 - (16 + 23 + -57))?
53
Evaluate -63 - ((6 - -2) + -54).
-17
What is the value of 16 - ((12 - 60) + -18) - -7 - (-4 - 2)?
95
What is the value of 13 - (60 + -15) - (-9 - 12)?
-11
Evaluate 38 - (22 - (12 + (7 - 0))).
35
What is the value of 52 - -36 - (-7 + 4 - (-2 + -8 + 8))?
89
-45 - ((-17 + (-5 - -9) - (15 - 41)) + -7)
-51
Evaluate 8 + ((3 - -11) + (-6 - 10) - 7) - 10.
-11
Evaluate 64 - (-6 + 93 + 